*2 + 9*v + 10. Let a be y(-8). Suppose -4*f = 2*n - 2, 6 = a*n + 5*f - 2*f. What is the units digit of n?
9
What is the units digit of (-9)/(4/108*-3)?
1
Suppose -5*x = 14 + 6. Let r be (x/(-6))/(1/18). Let g = -4 + r. What is the units digit of g?
8
Let w(g) = -15*g + 1. Let u(c) = -c - 2. Let a be u(-1). Let j be w(a). Let n = j + -6. What is the tens digit of n?
1
Let m = 8 - 5. Let d = -2 + m. What is the units digit of d?
1
Let k be -5 - 1 - (-2 + 1). Let g(n) = -n**3 - 5*n**2 - n. What is the units digit of g(k)?
5
Suppose -y + 152 = -2. What is the units digit of y?
4
Let u(w) = w**3 - 2*w**2 - 3*w - 11. Let k be u(5). Let j = k - 18. What is the units digit of j?
1
Suppose 2*b - 2*r = 138, 82 = 2*b + r - 62. What is the tens digit of b?
7
Suppose -2 - 1 = 3*p. Let u(k) be the second derivative of -k**3/2 + k**2/2 - k. What is the units digit of u(p)?
4
Let a = -2 - 15. Let w be (0 - -2)/((-2)/a). Let s = w - 8. What is the units digit of s?
9
Let y = 5 + -1. Suppose -w + y*w - 24 = 0. Suppose 24 = 4*d - w. What is the units digit of d?
8
Suppose 0 = -w + 1, w - 2 = -h + 2. Suppose -h*k - k + 72 = 0. What is the tens digit of k?
1
Let k = 84 + 8. What is the tens digit of k?
9
Let d = 41 - 1. What is the units digit of d?
0
Let z be 4 + 3 + (1 - 4). Suppose r + 175 = 3*y + 6*r, -z*y + 230 = 5*r. Suppose -5*p + 20 = -y. What is the tens digit of p?
1
Let y be 3*2/6 - 7. Let k(u) = -u**3 - 6*u**2 + 2*u + 5. Let x be k(y). What is the units digit of 8/5*(-2 - x)?
8
Suppose 5*x - 3*r + 0*r = 461, 0 = 4*r - 12. What is the units digit of x?
4
Suppose 1 = -s - 2. Let a be (1 - 0)*(-3 - s). Suppose a = 4*x + 2 - 62. What is the tens digit of x?
1
Let q be (0 - -14)/(1 + 0). Let t = -29 + q. What is the units digit of (-5)/(t/24) - 0?
8
Let w(s) = 10*s - 13. Let j(n) = 3*n - 4. Let b(z) = 7*j(z) - 2*w(z). Let k be b(4). Suppose -2*t - k*t = -20. What is the units digit of t?
5
Let f be ((1 - 1) + 0)*1. What is the units digit of (-4*4)/(-1 - f)?
6
Let t(g) = g**2 + 0 + 2*g + 0*g + 0 - 4*g**3. What is the tens digit of t(-2)?
3
Let n = -7 + 13. Let w be ((-4)/6)/((-2)/n). Suppose 4*k - 3*f = 16, -k + w*f = 4*k - 27. What is the units digit of k?
7
What is the tens digit of -10*5/(-20)*34?
8
Suppose 0 = 4*s + 5*i - 86, 0 = -0*s + 3*s + 4*i - 65. Let a = s - 9. What is the units digit of a?
0
Let k be (0 - -6)/((-9)/24). Let j = k - -27. What is the tens digit of j?
1
Let u = -17 + 8. Let p = u + 28. What is the tens digit of p?
1
Suppose -2*l - 35 = 6*g - g, 40 = -5*g - l. Let c = 23 + g. What is the tens digit of c?
1
Suppose -2*g = -4*x + 374, 5*g = x + 3*g - 92. Suppose 3*c = 4*p - 116, -4*c = 3*p - x + 7. What is the tens digit of p?
2
Let b be -1*(0 + 1 + 0). Let a = 4 + b. What is the units digit of a?
3
Suppose -89 - 44 = -7*o. What is the units digit of o?
9
Suppose -3*v - 58 = a - 237, -5*v + 270 = -4*a. What is the units digit of v?
8
Let x be (-4)/6 + 14/(-6). Let a(z) = 2*z**2 - 4*z + 3. Let t be a(2). Let v = t - x. What is the units digit of v?
6
Let n be (-1)/4 - (-65)/4. What is the units digit of n/6 + (-14)/21?
2
Let l(i) = 4*i**2 - 14*i - 4. What is the units digit of l(6)?
6
Let w(f) = f**2 + 3*f + 10. What is the units digit of w(-8)?
0
Let s(i) = i**2 + 12*i + 14. Let d be s(-11). Suppose d*r - 20 - 1 = 0. What is the units digit of r?
7
Suppose -2*c - 4*m = -30, 0 = -2*c - m - 4*m + 29. What is the units digit of c?
7
Suppose -21*u = -22*u + 147. What is the hundreds digit of u?
1
Suppose 4*f - 46 = -n - 2*n, -5*f - 47 = -n. What is the tens digit of n?
2
Let s = 0 + -8. Let k = s - -29. What is the tens digit of k?
2
Let y = 146 - 61. Suppose -2*w = -7*w + y. What is the tens digit of w?
1
Let m(z) = 35*z**2 + z - 1. Let j be m(-3). Suppose -7*g = -j + 17. What is the units digit of g?
2
Suppose 5*h = -k - 2*k + 91, 0 = -3*k - 2*h + 94. What is the tens digit of k?
3
Let j(b) = -b**2 - 11*b + 2. Let x be j(-11). What is the units digit of (-3)/6 - (-25)/x?
2
Let h(y) = 2*y**2 - 4*y + 1. Let m be 1/(2 - 1)*3. What is the units digit of h(m)?
7
Suppose -4*q + 2*y - 74 = -0*q, -3*y = -3*q - 63. Let h = -28 - q. Let z = 3 - h. What is the units digit of z?
5
Let v(b) = -b**2 + 4*b + 7. Let j be v(5). Suppose -47 = -j*o - 5. What is the units digit of o?
1
Let l be 56/10 + (-4)/(-10). Suppose 0 = 2*d + 4 + 2. What is the units digit of (-5)/d + l/(-9)?
1
What is the tens digit of (2 - 6) + (7 - 3) + 143?
4
Suppose 0*a + 3*a = 15. Suppose -a = 3*z + 2*z - r, -r + 5 = 3*z. Suppose 4*n + z - 4 = 0. What is the units digit of n?
1
Suppose 0 = -2*d - g + 119, -3*d + g - 4*g = -183. What is the units digit of d?
8
Let f = 16 + -26. Let c be (-56)/f + (-10)/(-25). Let p = c - 1. What is the units digit of p?
5
Let l(u) = -u**3 + 4*u**2 - 4*u + 3. Let j be l(3). Let a = 0 - j. Let k = 4 - a. What is the units digit of k?
4
Suppose 0 = 2*m + 3*m - 45. Let k = m - 7. Suppose -k + 66 = 4*c. What is the units digit of c?
6
Let w = 4 - 2. Suppose 3*j - 3*f - 114 = 0, 2*f + 2*f - 154 = -5*j. Suppose -3*h - n + 10 + 7 = 0, -w*h + 5*n = -j. What is the units digit of h?
7
Let a be (1*-1)/((-5)/(-30)). What is the units digit of a + 10 - 2*-1?
6
Let h be (9/(-3) - -1) + -1. Let i = 11 + h. What is the units digit of i?
8
Suppose 0 = 3*h + 63 - 183. What is the tens digit of h?
4
Suppose 0 = -4*o + 6 + 6. Let j(v) = -3 - v**2 - 2 + o - 6*v. What is the units digit of j(-5)?
3
Let m(u) = u**3 - 3*u**2 + 2*u - 4. Let i be m(3). Suppose 5 = i*y - 1. Suppose -21 = -2*t - 0*t + y*o, -4*o - 12 = 0. What is the units digit of t?
6
Suppose -2*w = -a + 46, 3*a + 0*w + 3*w - 138 = 0. Suppose 0 = -2*f + 14 + a. What is the tens digit of f?
3
Let m be 1/(-5) - 2/(-10). Suppose m = 7*r - 2*r. Suppose r = x - 5*c + 7, 5*c = 5*x + c - 7. What is the units digit of x?
3
Suppose -j + 2*j - 7 = 0. Let k be 8/(-20) - 14/(-10). Let x = j + k. What is the units digit of x?
8
Suppose -12*s = -11*s - 53. What is the tens digit of s?
5
Let o(m) = -34*m**3 + 2*m**2 - m - 2. What is the tens digit of o(-1)?
3
Let h(m) = m**3 + 13*m**2 + 5*m - 9. Let w be h(-9). What is the units digit of w/25*(-10)/(-4)?
7
Let q = 30 + -8. Let d = -6 + q. What is the tens digit of ((-60)/16)/((-6)/d)?
1
Let b = 217 + -73. What is the units digit of b?
4
Let l(y) = -57*y**3 + y**2 + 3*y + 2. Let z be l(-1). Suppose -2*r + 38 = 4*i, -3*r + z + 2 = 4*i. What is the units digit of r?
1
Let r(x) = x**2 - 3*x - 9. Let o(s) = s**2 + s - 1. Let p(u) = 2*o(u) - r(u). Suppose -2*v - 5*m - 37 = 0, 2*v + 4*m + 27 = -5. What is the units digit of p(v)?
3
Let i(l) = l + 2. Let b be i(1). Suppose -b*d - r = 1 - 8, -1 = 3*d + 5*r. What is the units digit of d?
3
Let a(y) = -9*y. Let f be a(-5). Suppose 5*i - 5*m = f, -4*i - m = m - 60. What is the tens digit of i?
1
Suppose 5*j = -4*h + 56, 2*j - j + 4*h = 24. Suppose -4*k - 3*s + j = -s, -5*k - 2*s + 8 = 0. Suppose k = 5*w, 2*q - w - 24 = -q. What is the units digit of q?
8
Let z = 437 + -262. What is the tens digit of z?
7
Let r(i) = -i**3 - 6*i**2 - 3*i + 4. What is the tens digit of r(-8)?
5
Let m be (-1 + (-3)/(-5))*-5. Let p = 0 + m. What is the units digit of p?
2
Suppose 5*i - 2*m + 43 = 0, -2*i - 23 = 2*m - 3. Let d = 1 - i. What is the units digit of d?
0
Suppose 0 = -4*a + 11 + 9. Let b = 10 - a. Suppose -2*h + 5 = 5*q, -3*q + 36 = 3*h - b*q. What is the units digit of h?
0
Suppose -14 - 4 = 2*x. Let m = x - -5. What is the units digit of (-3)/(-12) - 15/m?
4
What is the units digit of 171/19 + -2 + 0?
7
Suppose 0 = -7*w + 3*w + 20. Suppose 2*t = -w*z + 2 + 2, 5*t + 3*z = 10. Suppose -t*y - 4 = -12. What is the units digit of y?
4
Let d(w) = w**3 - 5*w**2 + 8*w - 10. What is the units digit of d(6)?
4
Let b = -2 - -5. Suppose -u + 5*a - b = -2, 8 = 2*a. What is the units digit of u?
9
Suppose 2*o + 2*o = 16. What is the tens digit of (o/(-10))/(2/(-60))?
1
Let u(q) = -q**3 + 11*q**2 - 9*q - 6. Let s be u(10). Let k = 23 - s. What is the tens digit of k?
1
Let s be (-124)/(-16) - 3/(-12). Let h = 14 - s. What is the units digit of h?
6
Let t(z) = 2*z**2 - 7*z - 13. What is the tens digit of t(8)?
5
Suppose 3*s + 1 + 2 = 0. Let r(c) be the second derivative of 4*c**4/3 - c**3/6 - 21*c. What is the units digit of r(s)?
7
Let d(t) = t**2 + 8